m(j).
0
Let n(f) be the first derivative of f**3/3 - f**2/2 - 19. Calculate n(2).
2
Let l(o) be the third derivative of -o**4/24 + 3*o**3 - 40*o**2 - 2*o. Calculate l(6).
12
Let i(q) = 2*q**2 - 86*q + 89. Let x be i(42). Let n(v) = 7*v**2 - 8*v + 11. Let g(p) = 6*p**2 - 8*p + 10. Let c(m) = 6*g(m) - 5*n(m). Calculate c(x).
-10
Let r(v) = -268*v + 277*v + v**2 - 232 + 245. Determine r(-8).
5
Let f(n) be the third derivative of -n**4/24 - n**3/6 - 9*n**2. Let c be f(-3). Let x(w) be the first derivative of -w**2/2 + w + 1. Calculate x(c).
-1
Let d = 97 - 87. Let c(l) = -11*l**2 - 35*l**3 - l + 17*l**3 + d + 2 + 19*l**3. Determine c(11).
1
Suppose -12 - 24 = 3*p. Let s be (p/(-21))/(12/(-7) + 2). Let i(b) = b. Calculate i(s).
2
Let p(j) be the third derivative of -5*j**4/24 + 14*j**3/3 + 152*j**2 + 4. Give p(12).
-32
Let p(w) be the third derivative of -w**6/60 - w**3/6 - w**2 + 27*w. Determine p(2).
-17
Let i(x) = -2*x - 5. Let c be 12/(-42) + 57/(-21). Let r(g) = -g - 4. Let b(u) = c*r(u) + 2*i(u). Determine b(-7).
9
Let h(u) = 3*u**2 + 8*u - 4*u**2 - 5*u + 1. Let g(y) = y**3 - 5*y**2 - 16*y - 62. Let r be g(8). What is h(r)?
3
Let o(a) = 5*a**3 + 71*a**2 - 61*a - 6. Let d be o(-15). Let n(v) = v**2 - 7*v - 2. Give n(d).
16
Let w = 134 + -132. Let u(f) be the second derivative of 1/2*f**3 + 3*f + 0 + w*f**2. Give u(-4).
-8
Let r be (-2)/(-2) - 3/(-1). Suppose -14 - 2 = r*y. Let v(p) = 4*p. Let o(l) = 3*l + 1. Let s(x) = 3*o(x) - 2*v(x). Give s(y).
-1
Suppose -3*l = 2*l - 20. Let f(y) = 7 + l*y - y - 2*y. Let t(m) = -2*m. Let u be t(2). Calculate f(u).
3
Let p(i) = -2*i**2. Suppose 0 = 14*z - 9*z - 40. Suppose -4*j - z = 2*h, 3*j + 3*h = -14 + 5. Determine p(j).
-2
Let n be 0 + -2 - 2/(-2). Let m(h) be the third derivative of 1/6*h**3 + 1/24*h**4 + 1/60*h**5 - 1/20*h**6 - 17*h**2 + 0*h + 0. Calculate m(n).
7
Let g(i) be the third derivative of i**5/60 + 3*i**4/8 + 14*i**2 + 8*i. Give g(-8).
-8
Let a(b) = b - 5. Let f(k) = k - 5. Suppose 18 = -7*x + 16*x. Let i(o) = x*f(o) - 3*a(o). Let z = 1 - 1. Give i(z).
5
Let w(a) = -10*a + 3 - 3 + a**2 + 1 + 3. Give w(10).
4
Let g(b) be the third derivative of b**5/60 - b**3/2 - 730*b**2. Give g(-3).
6
Let j(n) be the second derivative of n**5/20 + n**4/2 + n**3/2 + n**2/2 - n - 12. What is j(-4)?
21
Let b(d) be the first derivative of -d**2/2 - 2*d - 397. Let s be 3*(4/(-2) + 0). Determine b(s).
4
Let i(f) be the first derivative of -f**3/3 - 3*f**2/2 - f - 78. Suppose -d + 2*d = -3. Give i(d).
-1
Suppose -2*q + 11 - 3 = 0. Let y(t) = -t + t**2 + t - 5*t + 4*t - q. Determine y(-3).
8
Let l(x) = -x + 2. Suppose -s = -g - 2, 5*s = -8*g + 5*g - 22. Calculate l(g).
6
Let k(b) = 6*b**3 + b - 1. Let h be k(1). Let d be h*16/(-6) - 0. Let y = d + 14. Let i(j) = -j**3 - 3*j**2 - j - 1. Determine i(y).
-3
Let n(k) = -11*k + 35. Let h(z) = -2*z + 6. Let o = 38 + -32. Let l(y) = o*n(y) - 34*h(y). What is l(-6)?
-6
Let w(z) = z**3 + 5*z**2 - 6*z - 20. Let c be w(-5). Let g(s) = s**2 - 6*s - 29. Determine g(c).
11
Let s(l) be the first derivative of -l**3/3 - 3*l**2/2 - 3*l + 111. Suppose -3 = 4*d + 17. Give s(d).
-13
Let z be ((-16)/(-6))/(1/(-3)). Let p(t) = 97 - t - 6 - 93. Calculate p(z).
6
Let g(h) = 11*h. Let k = -4 + 6. Let f = -2 + k. Suppose 1 = -f*y - y. Give g(y).
-11
Let k(j) = -j**2 - 7*j - 3. Let w(i) = -4*i + 3. Let x be w(-5). Let l = 18 - x. Give k(l).
7
Let f(b) be the first derivative of 2*b**2 - 11*b + 316. Calculate f(10).
29
Let x(l) be the first derivative of l**4/4 - 2*l**3 + 2*l**2 - 2*l - 54. Give x(5).
-7
Let f be 2/6*90/15. Let o(l) = l**2 + 3*l - 2. Calculate o(f).
8
Let a(c) = -c**3 - 4*c**2 + 6*c + 1. Suppose 3*d + 4 = 16. Let f be d - (-16)/(-4)*1. Suppose f = 3*v + 15 - 0. Calculate a(v).
-4
Let s = -21 + 19. Let k = s + 5. Let g(h) = 5*h + 8. Let m(z) = 4*z + 7. Let f(u) = -3*g(u) + 4*m(u). Give f(k).
7
Suppose 6*y - 54 = -3*y. Suppose -4*t + 2 = -5*w - y, 4*w + 16 = 0. Let s(l) = -l**2 - 4*l. Calculate s(t).
3
Let t(p) = -p**2 - 9*p + 6. Let l be t(-9). Let y be ((-24)/9)/((-4)/l). Let j(k) = y + 2 + k - 9. What is j(-4)?
-7
Let t(n) = 3 - 5 + 10 + n**2 + n**3. Let x = 6458 - 6458. Determine t(x).
8
Let w(t) = -1119 + 2*t**2 - 1118 - t + 2236 - 4*t. Suppose 0 = 5*k - 22 + 2. Determine w(k).
11
Let k(q) = -5*q - 2 - q + 6*q + q + 2*q. Give k(9).
25
Let g(q) = q - 4. Let s be g(0). Let f(c) = -36*c**2 + 9. Let v(u) = 18*u**2 - 4. Let r(h) = s*f(h) - 9*v(h). What is r(-1)?
-18
Let t = 16 + -12. Let g(c) be the first derivative of -c + 2*c - c**2 + t - 3*c + 3*c. Calculate g(1).
-1
Let u(i) = -3*i + 6. Let h be u(4). Suppose -112 = 4*r - 8*r. Let s(q) = q**2 + 66 + 5*q - 30 - r. Calculate s(h).
14
Let c(u) = 2*u**2 - 6*u + 1. Let y(m) = m**3 + 18*m**2 - 19*m + 3. Let d be y(-19). Determine c(d).
1
Let o(f) = f**2 - 4*f - 5. Suppose 4*q + 43 = -73. Let d be ((-21 - -18)*(0 - 11))/1. Let u = d + q. What is o(u)?
-5
Let p(a) = a**2 + 11*a + 2. Suppose -4*y - 22 = -2*y. Let g be p(y). Let f(l) = l + 4*l**g + 6*l - l**3 - 5 + 0*l + l. Calculate f(5).
10
Let d(a) = a**2 + 3*a - 3. Let g = 14 - 6. Suppose z + z = g. Suppose 4*v + 4 = x - 12, v = -x - z. Give d(v).
1
Let a(n) = -13*n**3 - 4*n**2 - 6*n - 1. Let q(y) = -3*y**3 - y**2 - y. Let v(s) = a(s) - 4*q(s). What is v(2)?
-13
Let s(g) = g - 7. Let r be (1 - (-16)/(-12))*-9. Suppose -5*h - y - 4*y + 175 = 0, 2*y = r*h - 95. Suppose 3 - h = -5*m. Give s(m).
-1
Let j(z) be the first derivative of -z**3/3 + 9*z**2/2 + 7*z - 212. Determine j(9).
7
Suppose -w - 5 + 9 = 0. Suppose 0 = -w*a - 0 + 8. Let z(u) = 3 + 4 - 8 + u**3 - a*u. Calculate z(-1).
0
Suppose -6*s + 3*s + 5*c + 23 = 0, -10 = 2*s + 3*c. Let q(r) = 5*r**3 - r**2 + r - 1. Determine q(s).
4
Let u(i) = 1 + 0 - 2*i + 59564*i**2 - 59563*i**2. Determine u(2).
1
Let g(u) = -u**2 - 8*u. Let b be g(-7). Let j(c) = c**2 - 6*c - 5. Let y be j(b). Let n(v) = -y*v**2 - 1 + 1 + 2*v**3 + 5*v**2. Give n(-2).
-4
Suppose 2*v = -3*q - 16, -4*v + 0*v = 2*q + 24. Let b be 32/10 - q/(-10). Let i(f) = 4 + 0*f - 4*f**2 + 0*f + f**3 + f. Determine i(b).
-2
Let v(t) = -t**2 + 6. Let f be (-40)/260 - (-28)/13. Let b(q) = 3*q**f + 3*q - 2*q + 3 + q**3 - q**2 - 3*q. Let u be b(-3). Calculate v(u).
6
Let i(h) be the third derivative of -h**7/2520 + h**6/360 + h**5/30 + 2*h**2. Let t(y) be the third derivative of i(y). Determine t(2).
-2
Suppose -2*n = -2*l + 10, 3*l - 4*n + 9 = -9*n. Let y(o) = -5 + 7*o + 4*o**2 - 3*o + o**3 - l*o**3. Calculate y(4).
11
Suppose 50 = -4*m - m. Let n(f) be the third derivative of -f**4/24 - 7*f**3/3 + 382*f**2. What is n(m)?
-4
Let t(v) = -11*v**2 + v - 1. Let c(d) = -d**3 - 9*d**2 + 28*d + 67. Let m be c(-11). What is t(m)?
-11
Let c be (-24)/40 - 996/15. Let k = 69 + c. Let w(b) = 2*b**3 + b**2 - b. Calculate w(k).
18
Suppose -5*d + 27 = 4*i, 2*i - 2*d - 15 = -5*d. Suppose 0*h - 5*l = -2*h - 5, -4*h + i*l = -11. Let x(p) = p**3 - 7*p**2 + 6*p + 7. What is x(h)?
-13
Let v(q) = 3*q + 6. Let f = -27 + 30. Suppose -19 = -3*k - 4. Suppose -f*u + k = -4*u. Give v(u).
-9
Let g(n) = -n**2 + 11*n + 174. Let z be g(20). Let w(h) = h**3 + 6*h**2 - 2*h - 5. Give w(z).
7
Suppose 0 = 3*z + 3*y - 21, -z = -4*z + 2*y + 1. Let d(u) = u**z + 4 - 4 + 7 + u + 4*u**2 - 4. Determine d(-4).
-1
Suppose 0 = -46*z + 54*z. Let q(x) = -12 + 19*x**2 - 20*x**2 + 27 + x. What is q(z)?
15
Let t(d) be the second derivative of -d**5/20 - d**4/12 - d**3/6 - 4*d. Let v be t(0). Let m(w) = -w**3 - w**2 + w - 6. What is m(v)?
-6
Let m(y) = -y**2 + y - 4. Let w be -3 + 11 - (0 + -2). Suppose 4*h - c = -0*c + w, -5*h = 5*c. Suppose 4*v + 2*p + h = 20, 3*v + p = 12. Give m(v).
-10
Let m be (-6)/2 + 25 + -2. Suppose 20*t + m = 15*t. Let j(w) = w**3 + 2*w**2 - 7*w - 6. Determine j(t).
-10
Let l(u) = -u - 1. Let z(k) be the second derivative of k**4/12 - 5*k**3/6 + k**2/2 - 6*k. Let w be z(2). Determine l(w).
4
Suppose -1 - 4 = 3*y + 4*r, -8 = -4*y + 2*r. Let v(a) = a - 6 - 7 + a**2 - y + 17. What is v(4)?
23
Let l(f) = -f**2 + 4*f + 2. Let z be l(4). Let a be ((-17)/z)/(11/(-22)). Let q = -16 + a. Let u(y) = 2*y + 1. Determine u(q).
3
Let l(j) = 10*j**2 - 2*j - 1. Suppose 10 = -27*d + 32*d. Suppose t + 4*c = -17, 3*t - 4*c + d*c = 5. What is l(t)?
11
Let b(h) = h**3 + 38*h**2 - 13 + 4*h + 5*h + 0*h**3 - 28*h**2. Deter